on divisor of 78 and b.
78
Suppose -17 = -16*r - 1. Suppose 3 = -4*s - r, 2*k - 1256 = -2*s. What is the highest common divisor of 34 and k?
17
Let m(k) = -k**3 - 7*k**2 - 6*k - 9. Suppose 5 = 3*d - 142. Let f be (-94)/14 - 14/d. Let o be m(f). Calculate the greatest common factor of o and 3.
3
Let n = -6226 + 6234. Calculate the highest common factor of 904 and n.
8
Let n be ((0 - 9)/9)/((-5)/300). Calculate the highest common divisor of 144 and n.
12
Let m be 12/(-30) + 894/10. Suppose 25 = 6*n - m. Let c(y) = -y**3 + 20*y**2 - 19*y + 9. Let p be c(n). Calculate the highest common factor of p and 72.
9
Let u(w) = w**2 + 118*w - 51545. Let s be u(177). Suppose 0 = -5*t - v + 28, v = -2*t + 2*v + 7. What is the greatest common divisor of s and t?
5
Let n be 21*3/9*234/(-21). Let w = n + 20. Let t = w - -71. What is the greatest common divisor of t and 39?
13
Let b be 15/6*(-96)/(-3). Let k be ((-69)/(-46))/((-3)/(-64)). Calculate the greatest common divisor of k and b.
16
Let x = -1118 - -11638. Calculate the highest common divisor of x and 40.
40
Let d = 307 + -167. Let n = 153 - d. Let c(f) = -4*f - 3. Let j be c(-4). Calculate the highest common divisor of j and n.
13
Suppose -2*z - 4*p + 51 = -297, -2*p + 678 = 4*z. What is the highest common divisor of z and 462?
42
Let t be (3/15*100/4)/1. Suppose 23 = t*n - 32. Calculate the highest common factor of n and 143.
11
Let v(u) = -8*u**3 - 688*u**2 - 2*u - 68. Let z be v(-86). Calculate the greatest common factor of z and 2236.
52
Let g be 80/(-56) + 1962/21. What is the highest common factor of g and 1426?
46
Let n be (-27 - -28)/((-6)/(-408)). What is the greatest common divisor of n and 1666?
34
Suppose 7*c + 12*c - c = 224874. Calculate the greatest common factor of 26 and c.
13
Let d(v) = 11*v + 5. Let g be d(-1). Let x be (-4)/(-2)*g/72*-6. Let i be (1/2)/(x/280). What is the highest common divisor of 14 and i?
14
Let u(k) = 2*k**2 - 73*k + 273. Let f be u(47). What is the greatest common divisor of f and 1764?
252
Let x be (-1632)/(-1428) + 1896/7. What is the greatest common divisor of 72 and x?
8
Suppose 13*w - 182557 = -4*w + 225851. What is the greatest common divisor of w and 11?
11
Suppose -10*g + 38 = -2. Let c be (7 - g - -15)/(2/29). Suppose -34 = -3*z + 53. What is the greatest common divisor of z and c?
29
Let a(k) = 6*k + 6. Suppose -4*g - 14 = -3*z, 2*g + 18 = -3*z - z. Let n be a(z). Let c be ((-2)/n)/(12/72). What is the highest common factor of 1 and c?
1
Let d be -1*2 + -5 + 8. Let b(o) = -29*o + 7. Let g(i) = 29*i - 7. Let y(m) = -4*b(m) - 3*g(m). Let c be y(d). What is the greatest common factor of c and 11?
11
Let z(n) = -2*n**3 - 7*n**2 - 2*n - 5. Let d be z(-5). Let x be (-5)/4*(-26 - (-16 - 2)). Calculate the highest common factor of d and x.
10
Let m be ((-1 - -2)/(-4) + 82215/4060)*24. What is the greatest common divisor of m and 4032?
96
Let b be (-304)/1 + -5 + (-7)/(-1). Let h = -254 - b. Calculate the highest common divisor of 40 and h.
8
Let r = 16937 - 16914. Let z(k) = -k**3 + 6*k**2 + 3*k + 5. Let j be z(6). Calculate the highest common factor of r and j.
23
Suppose -23*c + 14*c + 9 = 0. Let t be 1/(-2)*(2/c - 4). What is the highest common factor of 3 and t?
1
Suppose 20 = 31*p - 27*p. Let a(o) = o**3 - 2*o**2 - 2*o - 5. Let z be a(p). Suppose 12*l - 3*l = 360. Calculate the greatest common factor of l and z.
20
Let y = 327 + -331. Let h be y/((-105)/(-25) + -5). What is the greatest common divisor of h and 65?
5
Let g = 612 - 594. Let v be 1110/25 - (-6)/10. What is the greatest common factor of g and v?
9
Suppose 5*r + 3600 = 5*z, -3*z + r + 54 = -2108. Calculate the greatest common factor of z and 309.
103
Let a(c) be the second derivative of -8*c**3/3 + 8*c**2 - 35*c. Let w = 1 - 15. Let n be a(w). Calculate the greatest common factor of 30 and n.
30
Let m = -43 + -11. Let v = 104 + m. Let t(b) = -198*b + 2. Let w be t(-1). What is the greatest common factor of w and v?
50
Let i = -559 + 2458. Suppose -i = -3*c + 3*b, 1257 = 2*c - 5*b + 6*b. Calculate the highest common factor of c and 14.
14
Let l = 12714 - 9875. What is the greatest common divisor of 119 and l?
17
Let a be 1 - 9/(-24)*2*56. Let k = a - 33. What is the highest common factor of 60 and k?
10
Suppose -154 - 372 + 94 = -72*p. Let k(x) = x + 34. Let n be k(0). Calculate the greatest common divisor of p and n.
2
Let k be 0*-1*9/54. Suppose 5*p - 3*x - 9957 = k, 6*p + 2*x = 4*p + 3986. What is the greatest common factor of 12 and p?
12
Let j = -7 + 21. Let l(u) = u**3 - 20*u**2 - 15*u - 19. Let p be l(21). Suppose 61 = 8*y - p. Calculate the highest common divisor of j and y.
7
Suppose 945 = 5*g + 5*r, -2*g - 4*r + 415 - 49 = 0. Calculate the highest common divisor of 240 and g.
15
Let b(g) = 2*g**2 + 11*g - 4. Let n be 2/((-80)/(-264)) + 6/15. Let y be b(n). What is the greatest common divisor of 18 and y?
9
Let n = -61625 + 61645. Suppose 0*t = 3*t - 75. What is the highest common factor of n and t?
5
Let u = 174 - 131. Let r be u + -30 + -2 + -1. Suppose 3*d = 6*b - 3*b + 315, 2*b = d - 100. What is the highest common factor of r and d?
10
Let q be 5*(-15)/75 + 1233. Calculate the greatest common factor of q and 560.
112
Let b = 647 - -385. Calculate the highest common factor of b and 96.
24
Let h = 2069 + -1967. What is the highest common divisor of 96 and h?
6
Suppose -15428*y + 15505*y - 1182104 = 0. What is the greatest common divisor of 16 and y?
8
Let j be (2 - -1) + (5 - -11). Let z(o) = -3*o**3 - 4*o**2 - 6*o - 6. Let b be z(-3). Suppose 0 = 3*t - 0*t - b. What is the greatest common factor of t and j?
19
Let s(q) be the first derivative of q**4/2 - 10*q**3/3 + q**2 - 4*q - 30. Let g be s(5). Let z = -49 - -97. Calculate the greatest common factor of z and g.
6
Let f be (-36)/(-63) - 64/(-84) - (-2140)/15. Let v = 1593 + -1089. What is the greatest common factor of v and f?
72
Let d(y) = -y**2 - 8*y - 5. Let o be d(-6). Let r = 239 + -321. Let a = -54 - r. What is the greatest common factor of o and a?
7
Suppose -6*q = -2*q + 3*s - 63, -5*q = 5*s - 80. Let n(p) = -p**3 - p + 11*p**2 - 19*p + 0*p**2. Let t be n(6). What is the highest common divisor of t and q?
15
Let v = -602 + 596. Let g be 537/10 - v/20. What is the highest common divisor of 378 and g?
54
Let s be (-5)/25*-5 - -6. Let r(m) = 23*m + 8. Let x = -3 + 6. Let q be r(x). What is the highest common factor of q and s?
7
Let q be (242/77)/((-6)/(-42)). What is the greatest common divisor of q and 3278?
22
Let q be 1/3 - 260/6. Let f = 8 - q. Let b(x) = -4*x**3 + 36*x**2 - 73*x + 6. Let k be b(4). Calculate the highest common divisor of f and k.
17
Let x = -28135 + 31410. Calculate the highest common factor of x and 425.
25
Let p = -759 - -768. Suppose -5*h + p + 11 = 0, -2*m = 3*h - 700. Calculate the highest common divisor of m and 8.
8
Suppose -k = -l + 163, k = 19*l - 21*l + 332. What is the greatest common divisor of 297 and l?
33
Let m(j) = -9*j - 52. Let k be m(-7). Let l(w) = 16*w + 24. Let y be l(k). Suppose 18*g - 34 = y. What is the highest common divisor of 117 and g?
13
Let f be 66440/121 - (-1)/(-11). Suppose 820 = 3*h + b + 3*b, 2*h - f = -5*b. What is the highest common factor of 17 and h?
17
Let b be (-2 - 18/(-8))/(397/15376604). Calculate the highest common factor of b and 23.
23
Let c(m) = -63*m - 1746. Let a be c(-28). Calculate the highest common divisor of 1380 and a.
6
Let u be (16/(-6))/((-2)/21). Suppose -44*d = -25*d - 494. Suppose -44*p = -d*p - 72. What is the highest common factor of u and p?
4
Suppose -542 = 4*i - i - l, 0 = 2*i - 4*l + 378. Let h = i + 182. What is the greatest common divisor of 93 and h?
3
Suppose -2*z + 30 = -11*k + 13*k, -4*k - 87 = -3*z. What is the greatest common divisor of 2058 and z?
21
Suppose -3*m = -v + 1, -3*v - m + 5 = 2. Let q be 6 - 98/(-6 - v). Let k = 4 + 0. Calculate the greatest common factor of q and k.
4
Let j = 31 + -19. Suppose -57 = -3*t + 3*w, -10*w + 13*w = 24. What is the highest common divisor of j and t?
3
Let u be ((-3)/2)/(1170650/(-83616) - -14). Calculate the greatest common factor of 12 and u.
12
Let p = -3177 + 10395. What is the greatest common divisor of 12 and p?
6
Suppose l - 5*h = 3*l + 3, -l + 4*h + 5 = 0. Let m = 15330 - 15